 factor of v and 184.
23
Let m = -198 + 331. Let i = m + -79. Suppose -a - 17 = -f, 6*f - 10*f + a + 71 = 0. Calculate the greatest common factor of i and f.
18
Let r = 2942 - 1429. What is the greatest common divisor of r and 17?
17
Suppose -2*u - 161 = -9*u. What is the greatest common factor of 69 and u?
23
Let m(t) = -6*t - 19. Let j be m(-4). Calculate the highest common divisor of j and 215.
5
Suppose -4*l + 126 = -54. What is the greatest common factor of 315 and l?
45
Suppose -3*w - 6 = -3*x, 4*x - 5*w = 3 + 6. Suppose -8 = -4*m - q, 38*q = -4*m + 41*q - 8. What is the highest common divisor of x and m?
1
Suppose -7*g + 3*g + 5*b + 8 = 0, b = 0. What is the greatest common divisor of 8 and g?
2
Let o(k) = 3*k**2 - 6*k + 5. Let p be o(3). Let t be 35/p*(-24)/(-10). What is the highest common factor of t and 66?
6
Let a(k) = -3*k**2 - 25*k + 61. Let h be a(-10). What is the highest common divisor of 77 and h?
11
Let k(m) = -4*m. Let b be k(0). Suppose b = -7*x + 1304 - 72. Calculate the highest common divisor of x and 16.
16
Let m be ((-18)/(-36) + 0)*(0 + 2). Let t = 2 + -1. What is the greatest common factor of m and t?
1
Let m be (11/(231/14))/((-3)/(-72)). Calculate the highest common divisor of 432 and m.
16
Suppose 2*s - 4*s = -c - 6, -2*c - 8 = -2*s. Let g be 520/12*3/s. Suppose -3*j = 2*j - g. Calculate the greatest common divisor of 143 and j.
13
Let t(x) = 28*x**3 + 3*x**2 + 3*x - 12. Let b be t(3). What is the highest common factor of b and 624?
156
Let i be (104 - -1) + -2 + 2. Suppose -4*y + 56 = 2*n - 3*n, 5*n = 2*y - 10. Calculate the highest common divisor of i and y.
15
Let b = -844 + 848. Calculate the highest common divisor of b and 8.
4
Let x(i) = i**2 + 2*i - 14. Let j be x(-5). Calculate the greatest common factor of 19 and j.
1
Suppose 0 = -6*w + w + 200. Suppose -8*c = -c + 560. Let f = c - -85. Calculate the highest common divisor of f and w.
5
Suppose -14*f = -11*f + 18. Let w(v) = 3*v**2 - 5*v - 3. Let b be w(f). Suppose 4*k = b - 23. What is the highest common divisor of 56 and k?
28
Let o(b) = 44*b + 772. Let y be o(-15). Calculate the highest common factor of 126 and y.
14
Let h = 641 - 628. Let w be (-1)/(-4) - 73/4. Let b be (13/(-2))/(1/w). Calculate the highest common factor of h and b.
13
Let l be 1/2*(2 - 0). Suppose b - 5 = -l. Suppose -z = 5*o - 113, 156 = 5*z - 3*z - b*o. Calculate the highest common factor of z and 11.
11
Suppose 29*u - r = 26*u + 82, -5*r + 10 = 0. Calculate the highest common factor of 238 and u.
14
Suppose -59 = -s - 22. Let p = s - 35. What is the greatest common factor of 4 and p?
2
Suppose 4*v + 3*z = 825, -4*z + 820 = 9*v - 5*v. What is the greatest common divisor of v and 690?
30
Let y be (1/((-7)/(-14)) - 3)*-27. What is the greatest common divisor of y and 1?
1
Let k = 1096 + -778. What is the highest common divisor of 6 and k?
6
Suppose 0 = -3*z + m + 410 - 53, -z + 119 = -3*m. Let n be 203/6 + (-2)/(-12). Let d be (n/(-10))/(12/(-60)). What is the highest common divisor of d and z?
17
Let b(w) = w**3 + 4*w**2 - 5*w + 5. Let p be b(-5). Suppose -p*i + 90 + 1210 = 0. Suppose 0*l = -4*l + i. Calculate the highest common divisor of 13 and l.
13
Let m = -38 - -46. Let u be -4 - -4 - (-1 - 1). Suppose 5*j + 57 - 157 = u*q, -q = 3*j - 60. Calculate the highest common factor of j and m.
4
Let m = 1130 + -780. What is the highest common factor of 70 and m?
70
Suppose 5*p = 4*p + 38. Let c(i) = -i + 7. Let u be c(17). Let q be (-8 - u)/(4/114). What is the greatest common divisor of p and q?
19
Let q(y) = -y**3 + 5*y**2 - 3*y - 2. Let l(n) = n**3 - 6*n**2 - 5*n - 10. Let p be l(7). Let a be q(p). Calculate the greatest common divisor of 6 and a.
2
Suppose 21 + 12 = 3*c. Let s = c - 20. Let x be 12/s*225/(-6). Calculate the greatest common divisor of x and 10.
10
Suppose -25*t - 224 = -32*t. Calculate the highest common divisor of t and 1.
1
Let i(b) = 5*b**2 - 6*b - 10. Let o be i(9). Let x = -87 - -118. What is the greatest common divisor of o and x?
31
Let a = -923 - -924. What is the greatest common factor of 31 and a?
1
Suppose 4*c + 139*j - 134*j = 162, -4*c + j + 198 = 0. Let p be 18/(-8)*32/(-3). What is the greatest common factor of c and p?
24
Suppose 139 = 12*t - 209. What is the greatest common factor of t and 29?
29
Let t = -669 - -1023. Let y be -1 - 3 - t/(-6). What is the highest common factor of 11 and y?
11
Let m(f) = -f**2 - 3*f - 3. Let l(i) = 2*i**2 + 7*i + 7. Let n(h) = -3*l(h) - 7*m(h). Let k be n(4). Calculate the highest common factor of 32 and k.
16
Let d be ((-592)/(-12) - 12) + (-2)/6. What is the greatest common divisor of 74 and d?
37
Suppose 2*s = 3*s - 5*v + 42, 102 = -4*s - 2*v. Let l be (44/33)/((-2)/s). Let y = l + -16. What is the highest common factor of y and 2?
2
Let p be ((182/4)/7)/(2/20). Calculate the greatest common factor of p and 10.
5
Let l(n) = 6*n**3 - 2*n**2 + 3*n + 3. Let w be l(3). Let a = w - 97. Let y = 17 + a. What is the greatest common divisor of y and 19?
19
Suppose 16 + 44 = 5*t. Let g = -23 + 30. Let y(q) = 3*q**2 - 11*q + 14. Let s be y(g). What is the greatest common divisor of t and s?
12
Let o = 747 + -645. What is the greatest common divisor of 153 and o?
51
Let q(g) = -6*g**3 - g**2 + 9*g + 10. Let r be q(-1). What is the highest common divisor of 10 and r?
2
Let b = -18 + 20. Suppose 2*y + 2*x - 41 = y, -b*y - x + 94 = 0. Calculate the greatest common divisor of y and 7.
7
Suppose -9 = -b + 3. Let d be (-557)/(-7) - b/(-56)*2. Calculate the highest common divisor of d and 200.
40
Let a(v) = v**2 - 8*v + 16. Let w be a(8). Suppose -5*y + 3*b + 42 = 0, -5*y + 10 + 16 = b. Let x = y - 4. Calculate the greatest common factor of x and w.
2
Suppose 40*f - 51*f = -231. Calculate the highest common divisor of 119 and f.
7
Let d(j) = j + 70. Let l be d(0). Suppose 6*p = -p + 98. What is the highest common factor of l and p?
14
Suppose w - 24 = -3*w. Suppose -3*h + z + 52 = 0, 4*z + 22 = w. Calculate the highest common factor of 32 and h.
16
Let v(u) = -u + 14. Let c be v(8). Suppose -4*d - 1 = -9. Suppose 5*b = -0*b - 5*i, -4*i = 3*b + d. Calculate the highest common factor of b and c.
2
Suppose 2*x + x + 4*s - 215 = 0, 0 = -x + 2*s + 55. Suppose -2*w + 9 = -17. Calculate the highest common factor of x and w.
13
Let k = -203 - -710. Calculate the greatest common divisor of k and 351.
39
Suppose 8 = -15*n + 13*n. Let o be n/12 + 118/3. Suppose 0 = 3*t + t - 52. What is the greatest common factor of o and t?
13
Suppose 3*l + y = 220, -l + 22 + 58 = 2*y. What is the greatest common divisor of 16 and l?
8
Let s(b) = -5*b - 24. Let d be s(-6). Suppose -d*i + 8*i - 160 = 0. Let v(j) = -j**2 - 7*j - 2. Let c be v(-3). What is the highest common factor of i and c?
10
Suppose -5*t = -34 - 51. Suppose -3*k + 16 = 2*z, 3*k - t = z - 2*z. Suppose -10*v + 40 = -k*v. Calculate the greatest common factor of 4 and v.
2
Suppose 0 = 10*i + 72*i - 7134. Calculate the highest common factor of i and 2349.
87
Suppose 5*w - 1482 = z, -21*z = 3*w - 17*z - 903. What is the highest common factor of 11 and w?
11
Let t be -4 + 2 + (3 - -60). Let w = -106 + t. Let q be ((-4)/(-6))/((-3)/w). What is the greatest common divisor of q and 25?
5
Suppose 0 = 238*a - 243*a + 30. Suppose a - 141 = -5*u. What is the highest common divisor of u and 243?
27
Suppose -441 = -40*p + 33*p. What is the greatest common divisor of 45 and p?
9
Suppose -3*g + 3273 = -y, 4*g - 2530 - 1835 = y. Suppose -2*p + g = 11*p. What is the highest common factor of 6 and p?
6
Let p(y) = -4*y + 35. Let t be -3 - 0/1 - 60/(-6). Let q be p(t). What is the greatest common divisor of 21 and q?
7
Let j = 12 + 23. Suppose 6*d = -y + 10*d + 55, 0 = -y + 2*d + 45. What is the greatest common factor of y and j?
35
Suppose -8*g + 6*g + 4*v + 128 = 0, 186 = 3*g - 3*v. Let d = 357 + -207. What is the greatest common factor of d and g?
30
Let d be 1 - 0 - (14/(-1) - 0). Suppose -4*f + d*f = 198. What is the highest common factor of 18 and f?
18
Suppose -4 = n + 35. Let a = n - -63. Calculate the greatest common divisor of a and 3.
3
Suppose -g = -i - 3, 6*i - 9*i + 11 = 2*g. Calculate the greatest common divisor of 59 and i.
1
Suppose 4622 + 5170 = 17*c. Calculate the highest common divisor o